{"version":"1.0","provider_name":"Kita Storchennest Grossaffoltern","provider_url":"https:\/\/www.kita-storchennest.ch\/site","author_name":"Mich\u00e8le Reisinger","author_url":"https:\/\/www.kita-storchennest.ch\/site\/author\/michele\/","title":"Back to the Roots &#187; Kita Storchennest Grossaffoltern","type":"rich","width":600,"height":338,"html":"<blockquote class=\"wp-embedded-content\" data-secret=\"45qVLB9XAw\"><a href=\"https:\/\/www.kita-storchennest.ch\/site\/back-to-the-roots\/\">Back to the Roots<\/a><\/blockquote><iframe sandbox=\"allow-scripts\" security=\"restricted\" src=\"https:\/\/www.kita-storchennest.ch\/site\/back-to-the-roots\/embed\/#?secret=45qVLB9XAw\" width=\"600\" height=\"338\" title=\"&#8222;Back to the Roots&#8220; &#8211; Kita Storchennest Grossaffoltern\" data-secret=\"45qVLB9XAw\" frameborder=\"0\" marginwidth=\"0\" marginheight=\"0\" scrolling=\"no\" class=\"wp-embedded-content\"><\/iframe><script>\n\/*! This file is auto-generated *\/\n!function(d,l){\"use strict\";l.querySelector&&d.addEventListener&&\"undefined\"!=typeof URL&&(d.wp=d.wp||{},d.wp.receiveEmbedMessage||(d.wp.receiveEmbedMessage=function(e){var t=e.data;if((t||t.secret||t.message||t.value)&&!\/[^a-zA-Z0-9]\/.test(t.secret)){for(var s,r,n,a=l.querySelectorAll('iframe[data-secret=\"'+t.secret+'\"]'),o=l.querySelectorAll('blockquote[data-secret=\"'+t.secret+'\"]'),c=new RegExp(\"^https?:$\",\"i\"),i=0;i<o.length;i++)o[i].style.display=\"none\";for(i=0;i<a.length;i++)s=a[i],e.source===s.contentWindow&&(s.removeAttribute(\"style\"),\"height\"===t.message?(1e3<(r=parseInt(t.value,10))?r=1e3:~~r<200&&(r=200),s.height=r):\"link\"===t.message&&(r=new URL(s.getAttribute(\"src\")),n=new URL(t.value),c.test(n.protocol))&&n.host===r.host&&l.activeElement===s&&(d.top.location.href=t.value))}},d.addEventListener(\"message\",d.wp.receiveEmbedMessage,!1),l.addEventListener(\"DOMContentLoaded\",function(){for(var e,t,s=l.querySelectorAll(\"iframe.wp-embedded-content\"),r=0;r<s.length;r++)(t=(e=s[r]).getAttribute(\"data-secret\"))||(t=Math.random().toString(36).substring(2,12),e.src+=\"#?secret=\"+t,e.setAttribute(\"data-secret\",t)),e.contentWindow.postMessage({message:\"ready\",secret:t},\"*\")},!1)))}(window,document);\n\/\/# sourceURL=https:\/\/www.kita-storchennest.ch\/site\/wp-includes\/js\/wp-embed.min.js\n<\/script>\n","thumbnail_url":"https:\/\/www.kita-storchennest.ch\/site\/wp-content\/uploads\/2019\/04\/cropped-24A3385.jpg","thumbnail_width":2000,"thumbnail_height":1333,"description":"Nach vier Jahren gehen wir zur\u00fcck zu unseren Wurzeln und reduzieren auf eine Gruppe. Der Fachkr\u00e4ftemangel und die neu geschaffenen Kitapl\u00e4tze in den umliegenden Gemeinden sind dabei von zentraler Bedeutung. Ab Juni 23 werden die Kinder in einer altersgemischten Gruppe betreut. Gesamthaft stehen 18 Pl\u00e4tze zur Verf\u00fcgung. Um gen\u00fcgen Platz f\u00fcr alle zu haben, behalten &hellip; \u201e\u201c weiterlesen"}

Michèle Reisinger

Nach vier Jahren gehen wir zurück zu unseren Wurzeln und reduzieren auf eine Gruppe. Der Fachkräftemangel und die neu geschaffenen Kitaplätze in den umliegenden Gemeinden sind dabei von zentraler Bedeutung. Ab Juni 23 werden die Kinder in einer altersgemischten Gruppe betreut. Gesamthaft stehen 18 Plätze zur Verfügung. Um genügen Platz für alle zu haben, behalten &hellip; „“ weiterlesen
