{"version":"1.0","provider_name":"Kita Storchennest Grossaffoltern","provider_url":"https:\/\/www.kita-storchennest.ch\/site","author_name":"Mich\u00e8le Reisinger","author_url":"https:\/\/www.kita-storchennest.ch\/site\/author\/michele\/","title":"Schliessung Gruppenr\u00e4ume im 2. Stock &#187; Kita Storchennest Grossaffoltern","type":"rich","width":600,"height":338,"html":"<blockquote class=\"wp-embedded-content\" data-secret=\"97Kncf45eP\"><a href=\"https:\/\/www.kita-storchennest.ch\/site\/schliessung-gruppenraeume-im-2-stock\/\">Schliessung Gruppenr\u00e4ume im 2. Stock<\/a><\/blockquote><iframe sandbox=\"allow-scripts\" security=\"restricted\" src=\"https:\/\/www.kita-storchennest.ch\/site\/schliessung-gruppenraeume-im-2-stock\/embed\/#?secret=97Kncf45eP\" width=\"600\" height=\"338\" title=\"&#8222;Schliessung Gruppenr\u00e4ume im 2. Stock&#8220; &#8211; Kita Storchennest Grossaffoltern\" data-secret=\"97Kncf45eP\" frameborder=\"0\" marginwidth=\"0\" marginheight=\"0\" scrolling=\"no\" class=\"wp-embedded-content\"><\/iframe><script>\n\/*! This file is auto-generated *\/\n!function(d,l){\"use strict\";l.querySelector&&d.addEventListener&&\"undefined\"!=typeof URL&&(d.wp=d.wp||{},d.wp.receiveEmbedMessage||(d.wp.receiveEmbedMessage=function(e){var t=e.data;if((t||t.secret||t.message||t.value)&&!\/[^a-zA-Z0-9]\/.test(t.secret)){for(var s,r,n,a=l.querySelectorAll('iframe[data-secret=\"'+t.secret+'\"]'),o=l.querySelectorAll('blockquote[data-secret=\"'+t.secret+'\"]'),c=new RegExp(\"^https?:$\",\"i\"),i=0;i<o.length;i++)o[i].style.display=\"none\";for(i=0;i<a.length;i++)s=a[i],e.source===s.contentWindow&&(s.removeAttribute(\"style\"),\"height\"===t.message?(1e3<(r=parseInt(t.value,10))?r=1e3:~~r<200&&(r=200),s.height=r):\"link\"===t.message&&(r=new URL(s.getAttribute(\"src\")),n=new URL(t.value),c.test(n.protocol))&&n.host===r.host&&l.activeElement===s&&(d.top.location.href=t.value))}},d.addEventListener(\"message\",d.wp.receiveEmbedMessage,!1),l.addEventListener(\"DOMContentLoaded\",function(){for(var e,t,s=l.querySelectorAll(\"iframe.wp-embedded-content\"),r=0;r<s.length;r++)(t=(e=s[r]).getAttribute(\"data-secret\"))||(t=Math.random().toString(36).substring(2,12),e.src+=\"#?secret=\"+t,e.setAttribute(\"data-secret\",t)),e.contentWindow.postMessage({message:\"ready\",secret:t},\"*\")},!1)))}(window,document);\n\/\/# sourceURL=https:\/\/www.kita-storchennest.ch\/site\/wp-includes\/js\/wp-embed.min.js\n<\/script>\n","thumbnail_url":"https:\/\/www.kita-storchennest.ch\/site\/wp-content\/uploads\/2025\/07\/IMG_4525-scaled.jpeg","thumbnail_width":2560,"thumbnail_height":1920,"description":"Diesen Monat durften wir 14 Jungst\u00f6rche Richtung Kindergarten verabschieden. Diese enorme Zahl hinterl\u00e4sst Spuren in unserer Auslastung. Daher haben wir uns ganz nach dem Motto, reduce to the max, entschieden die R\u00e4umlichkeiten im 2. Stock aufzugeben und die angebotenen Betreuungspl\u00e4tze ab August 25 von 18 auf 14 zu senken. In den letzten Wochen hat das &hellip; \u201e\u201c weiterlesen"}

Michèle Reisinger

Schliessung Gruppenräume im 2. Stock &#187; Kita Storchennest Grossaffoltern

<blockquote class="wp-embedded-content" data-secret="97Kncf45eP"><a href="https://www.kita-storchennest.ch/site/schliessung-gruppenraeume-im-2-stock/">Schliessung Gruppenräume im 2. Stock</a></blockquote><iframe sandbox="allow-scripts" security="restricted" src="https://www.kita-storchennest.ch/site/schliessung-gruppenraeume-im-2-stock/embed/#?secret=97Kncf45eP" width="600" height="338" title="&#8222;Schliessung Gruppenräume im 2. Stock&#8220; &#8211; Kita Storchennest Grossaffoltern" data-secret="97Kncf45eP" frameborder="0" marginwidth="0" marginheight="0" scrolling="no" class="wp-embedded-content"></iframe><script>
/*! This file is auto-generated */
!function(d,l){"use strict";l.querySelector&&d.addEventListener&&"undefined"!=typeof URL&&(d.wp=d.wp||{},d.wp.receiveEmbedMessage||(d.wp.receiveEmbedMessage=function(e){var t=e.data;if((t||t.secret||t.message||t.value)&&!/[^a-zA-Z0-9]/.test(t.secret)){for(var s,r,n,a=l.querySelectorAll('iframe[data-secret="'+t.secret+'"]'),o=l.querySelectorAll('blockquote[data-secret="'+t.secret+'"]'),c=new RegExp("^https?:$","i"),i=0;i<o.length;i++)o[i].style.display="none";for(i=0;i<a.length;i++)s=a[i],e.source===s.contentWindow&&(s.removeAttribute("style"),"height"===t.message?(1e3<(r=parseInt(t.value,10))?r=1e3:~~r<200&&(r=200),s.height=r):"link"===t.message&&(r=new URL(s.getAttribute("src")),n=new URL(t.value),c.test(n.protocol))&&n.host===r.host&&l.activeElement===s&&(d.top.location.href=t.value))}},d.addEventListener("message",d.wp.receiveEmbedMessage,!1),l.addEventListener("DOMContentLoaded",function(){for(var e,t,s=l.querySelectorAll("iframe.wp-embedded-content"),r=0;r<s.length;r++)(t=(e=s[r]).getAttribute("data-secret"))||(t=Math.random().toString(36).substring(2,12),e.src+="#?secret="+t,e.setAttribute("data-secret",t)),e.contentWindow.postMessage({message:"ready",secret:t},"*")},!1)))}(window,document);
//# sourceURL=https://www.kita-storchennest.ch/site/wp-includes/js/wp-embed.min.js
</script>

Diesen Monat durften wir 14 Jungstörche Richtung Kindergarten verabschieden. Diese enorme Zahl hinterlässt Spuren in unserer Auslastung. Daher haben wir uns ganz nach dem Motto, reduce to the max, entschieden die Räumlichkeiten im 2. Stock aufzugeben und die angebotenen Betreuungsplätze ab August 25 von 18 auf 14 zu senken. In den letzten Wochen hat das &hellip; „“ weiterlesen
